{"id":10,"date":"2012-10-19T14:16:06","date_gmt":"2012-10-19T17:16:06","guid":{"rendered":"http:\/\/frea.edu.br\/site\/?page_id=10"},"modified":"2017-06-06T07:33:55","modified_gmt":"2017-06-06T10:33:55","slug":"historia","status":"publish","type":"page","link":"https:\/\/frea.edu.br\/site\/index.php\/historia\/","title":{"rendered":"Hist\u00f3ria"},"content":{"rendered":"<div id='gallery-1' class='gallery galleryid-10 gallery-columns-3 gallery-size-thumbnail'><figure class='gallery-item'>\n\t\t\t<div class='gallery-icon landscape'>\n\t\t\t\t<a href='https:\/\/frea.edu.br\/site\/wp-content\/uploads\/2012\/10\/fotos_frea_00008.jpg'><img loading=\"lazy\" decoding=\"async\" width=\"150\" height=\"150\" src=\"https:\/\/frea.edu.br\/site\/wp-content\/uploads\/2012\/10\/fotos_frea_00008-150x150.jpg\" class=\"attachment-thumbnail size-thumbnail\" alt=\"\" \/><\/a>\n\t\t\t<\/div><\/figure><figure class='gallery-item'>\n\t\t\t<div class='gallery-icon landscape'>\n\t\t\t\t<a href='https:\/\/frea.edu.br\/site\/wp-content\/uploads\/2012\/10\/fotos_frea_00007.jpg'><img loading=\"lazy\" decoding=\"async\" width=\"150\" height=\"150\" src=\"https:\/\/frea.edu.br\/site\/wp-content\/uploads\/2012\/10\/fotos_frea_00007-150x150.jpg\" class=\"attachment-thumbnail size-thumbnail\" alt=\"\" \/><\/a>\n\t\t\t<\/div><\/figure><figure class='gallery-item'>\n\t\t\t<div class='gallery-icon landscape'>\n\t\t\t\t<a href='https:\/\/frea.edu.br\/site\/wp-content\/uploads\/2012\/10\/fotos_frea_00006.jpg'><img loading=\"lazy\" decoding=\"async\" width=\"150\" height=\"150\" src=\"https:\/\/frea.edu.br\/site\/wp-content\/uploads\/2012\/10\/fotos_frea_00006-150x150.jpg\" class=\"attachment-thumbnail size-thumbnail\" alt=\"\" \/><\/a>\n\t\t\t<\/div><\/figure><figure class='gallery-item'>\n\t\t\t<div class='gallery-icon landscape'>\n\t\t\t\t<a href='https:\/\/frea.edu.br\/site\/wp-content\/uploads\/2012\/10\/fotos_frea_00005.jpg'><img loading=\"lazy\" decoding=\"async\" width=\"150\" height=\"150\" src=\"https:\/\/frea.edu.br\/site\/wp-content\/uploads\/2012\/10\/fotos_frea_00005-150x150.jpg\" class=\"attachment-thumbnail size-thumbnail\" alt=\"\" \/><\/a>\n\t\t\t<\/div><\/figure><figure class='gallery-item'>\n\t\t\t<div class='gallery-icon landscape'>\n\t\t\t\t<a href='https:\/\/frea.edu.br\/site\/wp-content\/uploads\/2012\/10\/fotos_frea_00004.jpg'><img loading=\"lazy\" decoding=\"async\" width=\"150\" height=\"150\" src=\"https:\/\/frea.edu.br\/site\/wp-content\/uploads\/2012\/10\/fotos_frea_00004-150x150.jpg\" class=\"attachment-thumbnail size-thumbnail\" alt=\"\" \/><\/a>\n\t\t\t<\/div><\/figure><figure class='gallery-item'>\n\t\t\t<div class='gallery-icon landscape'>\n\t\t\t\t<a href='https:\/\/frea.edu.br\/site\/wp-content\/uploads\/2012\/10\/fotos_frea_00003.jpg'><img loading=\"lazy\" decoding=\"async\" width=\"150\" height=\"150\" src=\"https:\/\/frea.edu.br\/site\/wp-content\/uploads\/2012\/10\/fotos_frea_00003-150x150.jpg\" class=\"attachment-thumbnail size-thumbnail\" alt=\"\" \/><\/a>\n\t\t\t<\/div><\/figure>\n\t\t<\/div>\n\n<p>&nbsp;<\/p>\n<table>\n<tbody>\n<tr>\n<td>A FREA, Funda\u00e7\u00e3o Regional Educacional de Avar\u00e9, funda\u00e7\u00e3o p\u00fablica municipal, foi criada em 30 de julho de 1968 (sob Lei municipal 583), como mantenedora da Faculdade de Ci\u00eancias e Letras de Avar\u00e9 (FCLA), autorizada pelo Decreto de 14 de agosto de 1969, iniciando suas atividades com os cursos de Ci\u00eancias F\u00edsicas e Naturais, Letras, Pedagogia e Estudos Sociais. No seu processo de amplia\u00e7\u00e3o, criou e passou a administrar a ESEFA (Escola Superior de Educa\u00e7\u00e3o F\u00edsica de Avar\u00e9), pelo Decreto de 16 de janeiro de 1973.<\/p>\n<p>A partir de 1990 a FREA agregou um novo estabelecimento de ensino, o Col\u00e9gio Universit\u00e1rio de Avar\u00e9, criado pelo Parecer CEE 1085\/89, publicado em 26 de outubro de 1989, adotando em 1995 o SISTEMA POSITIVO DE ENSINO, e a partir de 1996, optou por uma nova orienta\u00e7\u00e3o, o SISTEMA ANGLO DE ENSINO.<\/p>\n<p>Ap\u00f3s 33 anos, e visando facilidades para a amplia\u00e7\u00e3o em seus cursos, a FREA promoveu a fus\u00e3o das FCLA e ESEFA, que a partir de 24 de outubro de 2001, passou a chamar-se Faculdades Integradas Regionais de Avar\u00e9 &#8211; FIRA, faculdades recentes, por\u00e9m com a experi\u00eancia de tr\u00eas d\u00e9cadas da ESEFA e da FCLA.<\/p>\n<p>Atualmente, a FREA \u00e9 mantenedora da FIRA, do Col\u00e9gio Universit\u00e1rio de Avar\u00e9, dos cursos de P\u00f3s-Gradua\u00e7\u00e3o e da Faculdade Aberta para Terceira Idade.<\/td>\n<\/tr>\n<\/tbody>\n<\/table>\n<p>&nbsp;<\/p>\n<p>&nbsp;<\/p>\n","protected":false},"excerpt":{"rendered":"<p>&nbsp; A FREA, Funda\u00e7\u00e3o Regional Educacional de Avar\u00e9, funda\u00e7\u00e3o p\u00fablica municipal, foi criada em 30 de julho de 1968 (sob Lei municipal 583), como mantenedora da Faculdade de Ci\u00eancias e Letras de Avar\u00e9 (FCLA), autorizada pelo Decreto de 14 de agosto de 1969, iniciando suas atividades com os cursos de Ci\u00eancias F\u00edsicas e Naturais, Letras, <a href=\"https:\/\/frea.edu.br\/site\/index.php\/historia\/\" rel=\"nofollow\"><span class=\"sr-only\">Read more about Hist\u00f3ria<\/span>[&hellip;]<\/a><\/p>\n","protected":false},"author":2,"featured_media":0,"parent":0,"menu_order":1,"comment_status":"closed","ping_status":"closed","template":"","meta":{"footnotes":""},"class_list":["post-10","page","type-page","status-publish","hentry"],"yoast_head":"<!-- This site is optimized with the Yoast SEO plugin v27.2 - https:\/\/yoast.com\/product\/yoast-seo-wordpress\/ -->\n<title>Hist\u00f3ria - FREA<\/title>\n<meta name=\"description\" content=\"Conhe\u00e7a a hist\u00f3ria da mais tradicional institui\u00e7\u00e3o de ensino de Avar\u00e9 e Regia\u00f5.\" \/>\n<meta name=\"robots\" content=\"index, follow, max-snippet:-1, max-image-preview:large, max-video-preview:-1\" \/>\n<link rel=\"canonical\" href=\"https:\/\/frea.edu.br\/site\/index.php\/historia\/\" \/>\n<meta property=\"og:locale\" content=\"pt_BR\" \/>\n<meta property=\"og:type\" content=\"article\" \/>\n<meta property=\"og:title\" content=\"Hist\u00f3ria - FREA\" \/>\n<meta property=\"og:description\" content=\"Conhe\u00e7a a hist\u00f3ria da mais tradicional institui\u00e7\u00e3o de ensino de Avar\u00e9 e Regia\u00f5.\" \/>\n<meta property=\"og:url\" content=\"https:\/\/frea.edu.br\/site\/index.php\/historia\/\" \/>\n<meta property=\"og:site_name\" content=\"FREA\" \/>\n<meta property=\"article:modified_time\" content=\"2017-06-06T10:33:55+00:00\" \/>\n<meta property=\"og:image\" content=\"https:\/\/frea.edu.br\/site\/wp-content\/uploads\/2012\/10\/fotos_frea_00008-150x150.jpg\" \/>\n<meta name=\"twitter:label1\" content=\"Est. tempo de leitura\" \/>\n\t<meta name=\"twitter:data1\" content=\"1 minuto\" \/>\n<script type=\"application\/ld+json\" class=\"yoast-schema-graph\">{\"@context\":\"https:\/\/schema.org\",\"@graph\":[{\"@type\":\"WebPage\",\"@id\":\"https:\/\/frea.edu.br\/site\/index.php\/historia\/\",\"url\":\"https:\/\/frea.edu.br\/site\/index.php\/historia\/\",\"name\":\"Hist\u00f3ria - FREA\",\"isPartOf\":{\"@id\":\"https:\/\/frea.edu.br\/site\/#website\"},\"datePublished\":\"2012-10-19T17:16:06+00:00\",\"dateModified\":\"2017-06-06T10:33:55+00:00\",\"description\":\"Conhe\u00e7a a hist\u00f3ria da mais tradicional institui\u00e7\u00e3o de ensino de Avar\u00e9 e Regia\u00f5.\",\"breadcrumb\":{\"@id\":\"https:\/\/frea.edu.br\/site\/index.php\/historia\/#breadcrumb\"},\"inLanguage\":\"pt-BR\",\"potentialAction\":[{\"@type\":\"ReadAction\",\"target\":[\"https:\/\/frea.edu.br\/site\/index.php\/historia\/\"]}]},{\"@type\":\"BreadcrumbList\",\"@id\":\"https:\/\/frea.edu.br\/site\/index.php\/historia\/#breadcrumb\",\"itemListElement\":[{\"@type\":\"ListItem\",\"position\":1,\"name\":\"In\u00edcio\",\"item\":\"https:\/\/frea.edu.br\/site\/\"},{\"@type\":\"ListItem\",\"position\":2,\"name\":\"Hist\u00f3ria\"}]},{\"@type\":\"WebSite\",\"@id\":\"https:\/\/frea.edu.br\/site\/#website\",\"url\":\"https:\/\/frea.edu.br\/site\/\",\"name\":\"FREA\",\"description\":\"Funda\u00e7\u00e3o Regional Educacional de Avar\u00e9\",\"publisher\":{\"@id\":\"https:\/\/frea.edu.br\/site\/#organization\"},\"potentialAction\":[{\"@type\":\"SearchAction\",\"target\":{\"@type\":\"EntryPoint\",\"urlTemplate\":\"https:\/\/frea.edu.br\/site\/?s={search_term_string}\"},\"query-input\":{\"@type\":\"PropertyValueSpecification\",\"valueRequired\":true,\"valueName\":\"search_term_string\"}}],\"inLanguage\":\"pt-BR\"},{\"@type\":\"Organization\",\"@id\":\"https:\/\/frea.edu.br\/site\/#organization\",\"name\":\"FREA\",\"url\":\"https:\/\/frea.edu.br\/site\/\",\"logo\":{\"@type\":\"ImageObject\",\"inLanguage\":\"pt-BR\",\"@id\":\"https:\/\/frea.edu.br\/site\/#\/schema\/logo\/image\/\",\"url\":\"https:\/\/frea.edu.br\/site\/wp-content\/uploads\/2017\/06\/frea-logo-1.jpg\",\"contentUrl\":\"https:\/\/frea.edu.br\/site\/wp-content\/uploads\/2017\/06\/frea-logo-1.jpg\",\"width\":473,\"height\":118,\"caption\":\"FREA\"},\"image\":{\"@id\":\"https:\/\/frea.edu.br\/site\/#\/schema\/logo\/image\/\"}}]}<\/script>\n<!-- \/ Yoast SEO plugin. -->","yoast_head_json":{"title":"Hist\u00f3ria - FREA","description":"Conhe\u00e7a a hist\u00f3ria da mais tradicional institui\u00e7\u00e3o de ensino de Avar\u00e9 e Regia\u00f5.","robots":{"index":"index","follow":"follow","max-snippet":"max-snippet:-1","max-image-preview":"max-image-preview:large","max-video-preview":"max-video-preview:-1"},"canonical":"https:\/\/frea.edu.br\/site\/index.php\/historia\/","og_locale":"pt_BR","og_type":"article","og_title":"Hist\u00f3ria - FREA","og_description":"Conhe\u00e7a a hist\u00f3ria da mais tradicional institui\u00e7\u00e3o de ensino de Avar\u00e9 e Regia\u00f5.","og_url":"https:\/\/frea.edu.br\/site\/index.php\/historia\/","og_site_name":"FREA","article_modified_time":"2017-06-06T10:33:55+00:00","og_image":[{"url":"https:\/\/frea.edu.br\/site\/wp-content\/uploads\/2012\/10\/fotos_frea_00008-150x150.jpg","type":"","width":"","height":""}],"twitter_misc":{"Est. tempo de leitura":"1 minuto"},"schema":{"@context":"https:\/\/schema.org","@graph":[{"@type":"WebPage","@id":"https:\/\/frea.edu.br\/site\/index.php\/historia\/","url":"https:\/\/frea.edu.br\/site\/index.php\/historia\/","name":"Hist\u00f3ria - FREA","isPartOf":{"@id":"https:\/\/frea.edu.br\/site\/#website"},"datePublished":"2012-10-19T17:16:06+00:00","dateModified":"2017-06-06T10:33:55+00:00","description":"Conhe\u00e7a a hist\u00f3ria da mais tradicional institui\u00e7\u00e3o de ensino de Avar\u00e9 e Regia\u00f5.","breadcrumb":{"@id":"https:\/\/frea.edu.br\/site\/index.php\/historia\/#breadcrumb"},"inLanguage":"pt-BR","potentialAction":[{"@type":"ReadAction","target":["https:\/\/frea.edu.br\/site\/index.php\/historia\/"]}]},{"@type":"BreadcrumbList","@id":"https:\/\/frea.edu.br\/site\/index.php\/historia\/#breadcrumb","itemListElement":[{"@type":"ListItem","position":1,"name":"In\u00edcio","item":"https:\/\/frea.edu.br\/site\/"},{"@type":"ListItem","position":2,"name":"Hist\u00f3ria"}]},{"@type":"WebSite","@id":"https:\/\/frea.edu.br\/site\/#website","url":"https:\/\/frea.edu.br\/site\/","name":"FREA","description":"Funda\u00e7\u00e3o Regional Educacional de Avar\u00e9","publisher":{"@id":"https:\/\/frea.edu.br\/site\/#organization"},"potentialAction":[{"@type":"SearchAction","target":{"@type":"EntryPoint","urlTemplate":"https:\/\/frea.edu.br\/site\/?s={search_term_string}"},"query-input":{"@type":"PropertyValueSpecification","valueRequired":true,"valueName":"search_term_string"}}],"inLanguage":"pt-BR"},{"@type":"Organization","@id":"https:\/\/frea.edu.br\/site\/#organization","name":"FREA","url":"https:\/\/frea.edu.br\/site\/","logo":{"@type":"ImageObject","inLanguage":"pt-BR","@id":"https:\/\/frea.edu.br\/site\/#\/schema\/logo\/image\/","url":"https:\/\/frea.edu.br\/site\/wp-content\/uploads\/2017\/06\/frea-logo-1.jpg","contentUrl":"https:\/\/frea.edu.br\/site\/wp-content\/uploads\/2017\/06\/frea-logo-1.jpg","width":473,"height":118,"caption":"FREA"},"image":{"@id":"https:\/\/frea.edu.br\/site\/#\/schema\/logo\/image\/"}}]}},"_links":{"self":[{"href":"https:\/\/frea.edu.br\/site\/index.php\/wp-json\/wp\/v2\/pages\/10","targetHints":{"allow":["GET"]}}],"collection":[{"href":"https:\/\/frea.edu.br\/site\/index.php\/wp-json\/wp\/v2\/pages"}],"about":[{"href":"https:\/\/frea.edu.br\/site\/index.php\/wp-json\/wp\/v2\/types\/page"}],"author":[{"embeddable":true,"href":"https:\/\/frea.edu.br\/site\/index.php\/wp-json\/wp\/v2\/users\/2"}],"replies":[{"embeddable":true,"href":"https:\/\/frea.edu.br\/site\/index.php\/wp-json\/wp\/v2\/comments?post=10"}],"version-history":[{"count":18,"href":"https:\/\/frea.edu.br\/site\/index.php\/wp-json\/wp\/v2\/pages\/10\/revisions"}],"predecessor-version":[{"id":2605,"href":"https:\/\/frea.edu.br\/site\/index.php\/wp-json\/wp\/v2\/pages\/10\/revisions\/2605"}],"wp:attachment":[{"href":"https:\/\/frea.edu.br\/site\/index.php\/wp-json\/wp\/v2\/media?parent=10"}],"curies":[{"name":"wp","href":"https:\/\/api.w.org\/{rel}","templated":true}]}}